-6).
-19
Let g(w) = -583*w**2 + 3494*w + 18. What is g(6)?
-6
Let v(k) = k**3 + 15*k**2 + 33*k + 89. Give v(-11).
210
Let i(c) = c**2 + 117*c + 445. What is i(-4)?
-7
Let z(a) = -41*a - 3484. Calculate z(-85).
1
Let b(w) = w**3 - 37*w**2 + 49*w - 86. Determine b(36).
382
Let a(y) = 808*y - 1621. Calculate a(2).
-5
Let x(v) = -18*v + 1672. Give x(92).
16
Let o(z) = z**3 + 34*z**2 - 14*z - 465. Calculate o(-34).
11
Let b(z) = z**3 - 124*z**2 - 113*z - 1511. Determine b(125).
-11
Let s(l) = -l**2 + 40*l + 83. Determine s(42).
-1
Let a(d) = d**3 + 3*d**2 - 7*d + 23. Give a(4).
107
Let d(z) = -z + 18. Calculate d(-1).
19
Let f(o) = -o**2 - 5*o + 6. Calculate f(-7).
-8
Let o(t) = t**3 - 100*t**2 + 108*t - 883. Determine o(99).
8
Let p(i) = -86*i + 1113. Give p(10).
253
Let j(b) = b**3 - 13*b**2 + 35*b - 243. Determine j(12).
33
Let o(u) = 2*u**2 + 40*u + 26. Determine o(-19).
-12
Let q(m) = 6*m**3 - 48*m**2 - 21*m + 157. What is q(8)?
-11
Let b(g) = g**2 + 17*g + 73. Calculate b(-4).
21
Let k(n) = -n**3 - 7*n**2 + 15*n + 18. What is k(-9)?
45
Let j(t) = 7*t + 37. What is j(-15)?
-68
Let c(m) = m**3 - 2*m**2 - 18*m + 50. Determine c(10).
670
Let h(c) = -169*c - 127. Give h(-1).
42
Let c(d) = 5*d**2 + 26*d + 4. Determine c(-3).
-29
Let j(z) = 4*z**2 + 12*z - 3. Calculate j(9).
429
Let s(h) = -10*h**2 - 92*h + 457. Determine s(-13).
-37
Let z(g) = -18*g**2 - 112*g + 2. Calculate z(-7).
-96
Let s(x) = 7060*x + 190628. Determine s(-27).
8
Let k(w) = -526*w + 4741. Determine k(9).
7
Let p(r) = 18*r**3 + 31*r**2 - 6*r + 14. Determine p(-2).
6
Let g(o) = -107*o - 966. Calculate g(-9).
-3
Let q(r) = -33*r + 1653. Give q(51).
-30
Let i(n) = n**3 + 21*n**2 + 113*n + 192. What is i(-12)?
132
Let v(i) = -2*i**2 - 27*i + 8. Give v(-14).
-6
Let s(z) = 3*z**2 - 35*z - 133. Calculate s(15).
17
Let k(u) = 21*u**2 + 227*u - 17. Calculate k(-11).
27
Let v(w) = w**2 - 6336*w - 88897. Give v(-14).
3
Let l(y) = 2*y**3 + 10*y**2 - 26*y - 25. Calculate l(-7).
-39
Let b(y) = 6366*y - 25532. Calculate b(4).
-68
Let d(y) = 13*y - 958. Calculate d(75).
17
Let t(u) = -3*u**2 - 50*u + 457. Calculate t(-23).
20
Let k(r) = -2629*r + 13113. Determine k(5).
-32
Let n(s) = -29*s**2 + 74*s + 73. Give n(-1).
-30
Let i(d) = 102*d + 1549. Give i(-15).
19
Let z(u) = u**2 - 122*u - 1875. What is z(-14)?
29
Let f(i) = -11*i - 179. What is f(14)?
-333
Let j(r) = r**2 - 99*r + 2343. Calculate j(60).
3
Let i(s) = 2*s**3 + 45*s**2 - 378*s - 23. What is i(-29)?
6
Let k(h) = -390*h - 661. Give k(0).
-661
Let z(l) = -2*l**3 - 8*l**2 + 41*l - 15. Calculate z(-7).
-8
Let s(r) = -2*r**2 - 64*r + 126. Calculate s(-34).
-10
Let r(b) = -29*b - 980. What is r(-6)?
-806
Let a(y) = y**3 - 31*y**2 + 9*y - 272. What is a(31)?
7
Let g(f) = -f**3 + 154*f**2 - 883*f - 733. What is g(148)?
7
Let q(j) = -j**3 + 15*j**2 + 12*j - 44. Determine q(16).
-108
Let t(a) = -3*a**2 - 65*a + 82. Determine t(-23).
-10
Let r(j) = j**2 - 19*j - 99. Determine r(20).
-79
Let g(j) = 771*j + 102547. What is g(-133)?
4
Let a(s) = 331*s + 1363. Give a(-5).
-292
Let n(j) = -j**2 - 28*j + 652. Determine n(-43).
7
Let g(n) = 3*n**3 + 100*n**2 + 49*n + 86. Determine g(-33).
-442
Let a(w) = w**3 + 9*w**2 + 432*w + 2070. What is a(-5)?
10
Let h(z) = 1214*z + 55842. Determine h(-46).
-2
Let q(b) = 3*b**3 - 24*b**2 - 35*b + 64. Calculate q(9).
-8
Let i(o) = -10*o**2 - 3539*o - 3174. Calculate i(-353).
3
Let n(c) = 13*c - 983. What is n(75)?
-8
Let h(l) = 6*l - 155. Determine h(13).
-77
Let p(a) = -7*a**2 - 132*a + 31. What is p(-19)?
12
Let m(u) = 48*u + 583. Determine m(-12).
7
Let s(y) = 1233*y + 2465. Give s(-2).
-1
Let y(v) = -v**3 - 9*v**2 + 15*v + 46. Determine y(-10).
-4
Let j(b) = -78*b - 1091. Determine j(-14).
1
Let u(r) = 4*r**2 - 14*r + 7. Give u(-5).
177
Let u(d) = 644*d + 4458. What is u(-7)?
-50
Let a(d) = -5702*d - 74151. Calculate a(-13).
-25
Let v(f) = -f**3 + 17*f**2 + 11*f + 23. Determine v(18).
-103
Let y(h) = -99*h**2 - 15*h + 7. Calculate y(-1).
-77
Let z(a) = 77*a**2 - 149*a - 28. Determine z(2).
-18
Let j(g) = -16*g**2 + 19*g + 59. Determine j(5).
-246
Let r(a) = -3*a**2 - 6*a - 4. What is r(-5)?
-49
Let u(c) = 19*c**2 - 25*c - 23. Determine u(-2).
103
Let h(f) = f**2 + 3032*f + 264790. Calculate h(-90).
10
Let z(i) = 55*i - 39. What is z(0)?
-39
Let a(d) = -14*d**2 - 216*d - 21. Give a(-15).
69
Let r(x) = x**3 - 42*x**2 + 156*x - 126. Give r(38).
26
Let w(h) = -6*h**2 - 57*h - 22. Determine w(-9).
5
Let r(b) = -b**2 + 29*b + 143. What is r(32)?
47
Let d(o) = -360*o + 7713. What is d(21)?
153
Let c(g) = -16*g - 43. What is c(-12)?
149
Let v(r) = r**2 + 75*r - 1509. Determine v(19).
277
Let i(k) = 3*k**2 + 15*k + 14. What is i(-1)?
2
Let z(d) = -d**2 + 68*d - 961. What is z(48)?
-1
Let a(m) = -4*m**2 - 7*m + 75. Calculate a(4).
-17
Let m(n) = n**3 - 17*n**2 + 15*n + 223. Calculate m(15).
-2
Let w(i) = -i**3 - i**2 - 26*i + 48. Give w(-7).
524
Let n(z) = 18*z**2 - 173*z - 5. What is n(11)?
270
Let k(a) = -a**3 - 57*a**2 + 375*a - 11. What is k(6)?
-29
Let z(o) = -o**3 + 6*o**2 + 13*o - 83. Determine z(5).
7
Let b(i) = i**2 - 147*i + 4331. Give b(41).
-15
Let s(f) = -f**2 - 33*f - 126. Give s(-30).
-36
Let w(j) = 3*j**3 - 16*j**2 - 124*j + 29. Determine w(-6).
-451
Let y(g) = -2321*g - 2. Give y(0).
-2
Let l(a) = -324*a - 12335. Calculate l(-38).
-23
Let y(n) = n**3 + 138*n**2 + 1734*n - 240. Calculate y(-124).
8
Let a(i) = 87*i**2 + 530*i + 14. What is a(-6)?
-34
Let i(h) = -h**3 + 26*h**2 + 30*h - 97. Calculate i(27).
-16
Let p(g) = 70*g - 1710. Calculate p(25).
40
Let v(m) = -16*m + 22. What is v(5)?
-58
Let q(j) = 4*j**3 - 122*j**2 + 722*j. Determine q(8).
16
Let i(x) = -61*x - 612. Determine i(-10).
-2
Let u(q) = -q**3 - 9*q**2 + 19*q + 1. Calculate u(-11).
34
Let j(v) = v**3 + 38*v**2 - 79*v - 98. Give j(-40).
-138
Let b(c) = c**2 - 6*c - 141. What is b(0)?
-141
Let s(z) = -2*z**3 + 43*z**2 - 161*z - 84. Determine s(16).
156
Let i(g) = 709*g - 5677. Determine i(8).
-5
Let s(i) = 35*i - 42. Give s(2).
28
Let r(p) = 881*p + 9721. Calculate r(-11).
30
Let o(i) = 818*i - 24574. What is o(30)?
-34
Let j(i) = -5255*i - 26276. Calculate j(-5).
-1
Let m(k) = -k**2 - 3*k + 116. Determine m(12).
-64
Let v(y) = -y**2 - 1919*y - 331582. Determine v(-192).
2
Let k(z) = -z**3 + 3*z**2 + 82*z - 354. Determine k(5).
6
Let z(v) = 7*v**2 - 46*v + 58. Calculate z(7).
79
Let w(y) = -y**3 - 11*y**2 + 72*y - 125. Calculate w(-16).
3
Let y(j) = -86*j - 1987. Determine y(-23).
-9
Let x(f) = 135*f**2 + 2162*f + 30. What is x(-16)?
-2
Let t(l) = l**3 - 15*l**2 + 8*l + 16. Calculate t(14).
-68
Let q(v) = 166*v**2 - 855*v + 3. Determine q(5).
-122
Let z(q) = -15*q**2 + 36*q + 317. Give z(6).
-7
Let i(k) = 476*k**2 + 1430*k - 6. Calculate i(-3).
-12
Let a(k) = k**2 + 19*k + 37. What is a(-20)?
57
Let c(x) = -103*x + 472. Calculate c(5).
-43
Let n(i) = -3*i**2 - 931*i + 1872. What is n(2)?
-2
Let u(w) = 591*w + 2374. Determine u(-4).
10
Let z(d) = -6*d**3 - 3*d**2 + 2. Give z(-3).
137
Let c(n) = -1281*n - 16669. Determine c(-13).
-16
Let m(r) = 222*r + 2671. Calculate m(-12).
7
Let m(v) = 11813*v + 153578. Calculate m(-13).
9
Let y(h) = -2*h**2 - 99*h - 138. Determine y(-48).
6
Let h(i) = 48*i**3 - 6*i**2 - i + 5. Give h(-1).
-48
Let q(v) = -1062*v - 10621. Give q(-10).
-1
Let o(m) = -m**3 - 9*m**2 - 14*m - 20. What is o(-5)?
-50
Let a(d) = -d**2 + 201*d - 2082. Give a(11).
8
Let j(q) = -175*q - 2457. Give j(-14).
-7
Let s(l) = -238*l - 230. Determine s(-1).
8
Let i(g) = 62*g - 1591. Determine i(26).
21
Let w(d) = -6*d**3 + 5*d**2 - 151*d + 148. Give w(1).
-4
Let h(v) = v**3 - 5*v**2 - 10*v + 63. Determine h(4).
7
Let v(l) = l**2 + 45*l + 506. What is v(-20)?
6
Let x(s) = -2*s**2 - 4*s + 84. Calculate x(5).
14
Let z(j) = 16*j - 5. Give z(0).
-5
Let q(a) = -a**3 + 6*a**2 + 75*a - 8. Calculate q(12).
28
Let x(w) = -803*w - 8039. What is x(-10)?
-9
Let j(l) = -3*l**2 + 45*l - 32. What is j(13)?
46
Let t(b) = -b**3 - 60*b**2 + 56*b - 282. Determine t(-61).
23
Let h(j) = 24*j**2 + 34*j - 3. What is h(-3)?
111
Let v(k) = 17*k + 97. Determine v(15).
352
Let x(m) = m**2 - 240*m + 14429. Determine x(120).
29
Let y(j) = 2*j**3 - 16*j**2 - 95*j + 7. Give y(-4).
3
Let g(y) = y**3 - y**2 - 25*y - 107. What is g(-4)?
-87
Let y(u) = u**3 - 24*u**2 - 67*